units digit of ((-12)/9)/(z/(-9))?
6
Let c(u) be the first derivative of -u**3/3 - 15*u**2/2 - 14*u + 7. What is the units digit of c(-13)?
2
Let f be (-392)/(-13) + 6/(-39). Suppose f = 3*c - 21. What is the units digit of c?
7
Suppose m + 4*m + y + 8 = 0, 2*m = -4*y + 4. Let x = m + 5. Suppose x*d - d - n - 1 = 0, 2*n - 4 = 2*d. What is the units digit of d?
3
Let d = 21 - 17. What is the units digit of d?
4
Suppose 2*m - m - 26 = 0. What is the units digit of -7 + 10 + (m - -1)?
0
Suppose 0*j - 5*j = -115. What is the units digit of j?
3
Let c = -122 + 172. What is the tens digit of c?
5
Let u = -22 + 64. What is the tens digit of u?
4
Let g(j) = j - 29. Let z be g(13). Let n = -7 - z. What is the units digit of n?
9
Let j(c) = 4*c + 3. Let p be j(3). Let h = -6 + p. What is the units digit of h?
9
Let x = 5 - 0. Suppose 14 + 1 = x*n. What is the units digit of n?
3
Suppose 3*n + 4*h - 248 = n, -n + 144 = -3*h. Suppose -6 = -2*a + 2, -4*l + n = 4*a. What is the units digit of l?
9
Let k be (-1 - -2) + -1 + -2. What is the units digit of 1*((3 - -27) + k)?
8
Let j be (24/(-15) - -2)*5. Suppose 2 = 4*o - j. What is the units digit of o?
1
Let o = 2 + 2. Let n be (2/3)/(o/24). Suppose -51 = -3*g + 2*y, y - 68 = -0*g - n*g. What is the tens digit of g?
1
Let h be 2 + -2 - -11 - 0/2. Let x(r) = 3*r**2 - 13*r + 9. Let l(v) = -v**2 + 1. Let k(g) = -2*l(g) - x(g). What is the tens digit of k(h)?
1
Let p(v) = -v**2 + 3*v + 7. Let n be p(5). Let g(l) = -4*l - 4. What is the units digit of g(n)?
8
Suppose -3*h - 4 = -4*h. Suppose 0 = h*m + m. What is the units digit of 2 + (1 - m)/(-1)?
1
Suppose -w = -2*r - 0*w - 10, 4*r - w = -16. Let v = -1 - r. What is the units digit of (-3)/(-1*v + 1)?
3
Suppose -t + 3*t = -5*d - 48, t + 5*d + 29 = 0. What is the units digit of -5 + 1 - -2 - t?
7
Let f(m) = m**2 + 4*m - 8. Let w be (-1 + 2)/(-4 + 3). Let b be (2 - (2 - w))*7. What is the tens digit of f(b)?
1
Suppose a - 4*m - 13 = 0, 5*a + 3*m = -0*m + 134. What is the units digit of a?
5
Suppose 0 = 4*u - 15 - 49. Suppose -n + 3 + u = 5*b, 5*n = 20. What is the units digit of b?
3
Let j(m) = 7*m - 6. Let r be j(-5). What is the tens digit of r/(-4) - 1/4?
1
Suppose 0 = -5*j + 8 + 62. What is the tens digit of j?
1
What is the tens digit of (-1)/3*522/(-2)*1?
8
Suppose -p + 44 = -0*p. What is the tens digit of p?
4
Suppose 0 = 5*b - 14 + 4, -5*m = -4*b - 117. Let c = m - 11. Let x = -7 + c. What is the units digit of x?
7
Let t(f) = 2*f**3 - 2*f**2 + 1. Let o(k) = 4*k - 1. Let x be o(-1). Let l = 6 + x. What is the units digit of t(l)?
1
Let z(u) be the third derivative of -u**5/60 + u**4/24 + u**3/6 + 2*u**2. What is the units digit of z(0)?
1
Suppose 3*f - 2*f = 58. Let a = -39 + f. What is the units digit of a + (-1 - 0)/(-1)?
0
Let b = 18 + -13. Suppose -b*s = -s - 72. Suppose 4 - s = -2*x. What is the units digit of x?
7
What is the units digit of 5/(-10) - 53/(-2)?
6
Let n(w) = 3*w - 3. Let a be n(-6). Let h = -13 - a. Suppose 0 = -2*g + h + 2. What is the units digit of g?
5
Suppose -22 - 21 = h. What is the tens digit of h*3*(-15)/45?
4
Let l(j) = -2*j**3 + 3*j**2 + 2*j + 3. Let i = -1 - 1. Let z be l(i). What is the tens digit of (z/18)/((-3)/(-32))?
1
Let b(u) = -9*u. Let a be b(1). Let t(g) = g**2 + 11*g + 13. Let i be t(a). Let r = -1 - i. What is the units digit of r?
4
Let z be 16/12*3/2. Suppose -4 = -z*y + 4. What is the units digit of y?
4
Let k(w) = -w - 5. Let z be k(-10). Suppose z*a = -23 - 2, v - 3*a = 19. What is the units digit of v?
4
Suppose 27 = -7*l + 4*l. Let q(n) = n**3 + 10*n**2 + 9*n - 6. Let c be q(l). Let v = c + 10. What is the units digit of v?
4
Let k(f) = f**2 - 12*f. Let g be k(9). Let v = -15 - g. What is the tens digit of v?
1
Suppose a = u + 8 - 85, 4*u = -3*a + 273. What is the tens digit of u?
7
Let v(g) = -2*g**2 + 3*g + 4. Let h(m) = -4*m**2 + 7*m + 9. Let q(s) = 4*h(s) - 9*v(s). What is the units digit of q(3)?
1
Let j(s) = -5*s + 6. Let h(c) = c + 1. Let m(o) = 6*h(o) - j(o). Let p be ((-1)/(-3))/(2/6). What is the units digit of m(p)?
1
Let a = 80 + -49. What is the tens digit of a?
3
Let o = 9 + -6. Let u(b) = 7*b + o*b**2 - 6*b - 3*b + b**3 - 1. What is the tens digit of u(2)?
1
Let y be (80/32)/((-1)/(-14)). Suppose -5*i = -b - y, -i = i + 3*b + 3. What is the units digit of i?
6
Suppose 0 = 2*k - 2*h - 580, 137 - 725 = -2*k + 4*h. What is the units digit of k?
6
Suppose 0 = g - 2*f + 12, 0*g + 3*g + 56 = -4*f. Let r = g - -10. Let y(d) = -d - 4. What is the units digit of y(r)?
2
Suppose 2*k + 6 = 4*k - 2*z, 15 = 5*k + 2*z. Suppose -k*m + 15 = 2*m. What is the units digit of m?
3
Suppose 0*b + 5*a - 471 = -2*b, -b + 233 = 3*a. Suppose 4*u = -80 + b. What is the units digit of u?
2
Let k = 446 + -299. What is the hundreds digit of k?
1
Suppose -3*f = -6 - 3. Suppose q - 3 = z, -f*q - z - 23 = 4*z. Let k = 3 + q. What is the units digit of k?
2
Suppose -2*k = -322 + 92. What is the hundreds digit of k?
1
Let j = 17 + 1. Suppose -2*b = 3*z - 0 - 5, -5*b + 24 = -4*z. Suppose -b*u + u = -j. What is the units digit of u?
6
Let u be (-6 - 1)/((-3)/9). Suppose 3*d - u = 3*p, 0*p + 9 = -3*p. What is the units digit of d?
4
Let o = 28 + 57. Suppose -5*p - 5*r = o, -2*p - r + 3*r - 30 = 0. What is the units digit of 6/4*p/(-6)?
4
Let a be (-2)/(-2) + (-1)/(-1). What is the tens digit of a/(2 + 0) - -17?
1
Let k = -4 + 6. Suppose k*c + 3*z = -2*c + 123, 4*c + z = 121. Suppose -2*q - 2*t + c = 0, -t + 5 = -q + 3*t. What is the tens digit of q?
1
Let j(s) = s**3 + 9*s**2 - 8*s - 5. Let v be j(-10). Let w = v + 38. What is the units digit of w?
3
Let i = 31 + -6. What is the units digit of (-10)/i + 82/5?
6
Let j be (-1)/(3/12*2). What is the tens digit of (4/(-12))/(j/96)?
1
Let v = 27 - 16. What is the units digit of 2/(0 - (-2)/v)?
1
What is the units digit of 2/((-72)/(-33) + -2)?
1
Let k(b) = -2 - 3*b - 2*b - 1 + 6*b. What is the units digit of k(6)?
3
Suppose 0 = -3*i - 3*i + 438. What is the units digit of i?
3
Let k be -2 + -20 - 2 - 0. Let g be ((-1)/(-2))/((-4)/k). Suppose -a - 6 = -g*a. What is the units digit of a?
3
Suppose n - 4*n + 15 = 0. Suppose 0*q = -n*q + 10. What is the units digit of q?
2
Let r(u) = u**2 - 5*u - 3. Let c be r(6). Suppose o + 2 - 5 = 0, 0 = h + c*o - 4. Let n(f) = -2*f + 7. What is the tens digit of n(h)?
1
Suppose 0 = 4*c - 4*y - 84, -2*c - y = -40 - 14. What is the tens digit of c?
2
Let l = 12 + 33. What is the tens digit of l?
4
Suppose 20 = 2*n + 3*n. Let z(g) = -g**2 + 6*g - 3. What is the units digit of z(n)?
5
Suppose 0*g = g - 3*x - 29, -4*g + 102 = -5*x. Let u be g/(-2) + (-1)/2. What is the units digit of (-3)/2*8/u?
1
Suppose 2*x + 2*x = -2*f + 16, 2*x = 4*f + 8. Let w be (1/2)/(3/12). What is the units digit of 27/2 - w/x?
3
Suppose 2*a = -4, 5*n = a + 516 + 366. Suppose -5*w - 26 = -n. What is the units digit of w?
0
Let z = 9 + -16. Let x = z + 21. What is the tens digit of x?
1
Let u(z) = z**2 - 7*z + 6. Suppose -4*x - 2 = -2*k, -2*k - k = 2*x - 35. What is the tens digit of u(k)?
2
Suppose -p + 4 + 0 = 0. Suppose 0 = -p*q + 4*t - 32, 3*t - 12 - 3 = 0. What is the units digit of (q/2)/((-4)/24)?
9
Suppose 5*x + 0 - 10 = 0. Let w(i) = -3*i**x + 0*i**2 + 6 + 2*i**2 - 7*i. What is the units digit of w(-7)?
6
Let y = -70 - -106. Suppose 0 = -3*a - 0*a + y. Suppose -2*r = -0*r - a. What is the units digit of r?
6
Let l be 44/(-6) - 1/(-3). Let w = l + 22. What is the units digit of w?
5
What is the units digit of -15 + 37 + (-3)/(-1)?
5
Suppose 57 = 2*p + 5*z, p + 0*z - 3*z - 45 = 0. What is the tens digit of p?
3
Suppose 2*a + a = -5*p - 13, 22 = -4*a - 2*p. Let t = 17 + a. What is the units digit of t?
1
Let h(g) = -19*g + 21. What is the tens digit of h(-5)?
1
Suppose 0 = -10*v + 13*v - 39. What is the tens digit of v?
1
Let v be (-5)/(-1 - (-2 - 0)). Let b(p) = p**3 + 6*p**2 + 4*p + 2. What is the units digit of b(v)?
7
Let x = -20 - -28. Let q = x + -3. What is the units digit of q?
5
Suppose 6*l - 11*l + 245 = 0. What is the tens digit of l?
4
Suppose -a + 42 = a. What is the tens digit of a + (-4 + 3)*1?
2
Let q(z) = -152*z - 2. What is the tens digit of q(-1)?
5
Let g be -3 + (2 - 1 - 3). Let s = 0 - g. What is the units digit of s?
5
Let s(b) = -b**2 + 0*b + 3*b